s 1472516 - 24?
1472492
In base 13, what is -67 - -a586?
a51c
In base 14, what is 4 + -24765a5?
-24765a1
In base 9, what is -11041313 + -1?
-11041314
In base 15, what is -2170c - -16e?
-2158d
In base 2, what is 1100011101111 - -11010110101?
1111110100100
In base 15, what is -26082 + b9?
-25eb8
In base 11, what is -1a + 48798?
48779
In base 4, what is -232 - -11332211322?
11332211030
In base 3, what is -22220120220122 - -200?
-22220120212222
In base 9, what is -472372 + -654?
-473136
In base 6, what is -1 - -23452303?
23452302
In base 7, what is 3 - -433450555?
433450561
In base 14, what is 2b5 + -78281?
-77daa
In base 11, what is 197 - -38432?
38619
In base 13, what is 11 + 23910?
23921
In base 3, what is 120001121012 + -2000?
120001112012
In base 8, what is -211367 + -5043?
-216432
In base 7, what is 2 + 31604305?
31604310
In base 12, what is -519 + -32899?
-331b6
In base 14, what is 13 + 6129745?
6129758
In base 12, what is 1 + -72397179?
-72397178
In base 14, what is -47 - -d074a?
d0703
In base 13, what is 2a0 + ccba8?
100178
In base 10, what is 17 + -168725?
-168708
In base 9, what is -10062421 + 13?
-10062407
In base 13, what is -266b41a - -2?
-266b418
In base 7, what is 452 - -334?
1116
In base 11, what is -56405 - 0?
-56405
In base 2, what is 110011100101011 + -100101101?
110010111111110
In base 7, what is -266404335 - -16?
-266404316
In base 7, what is -4 - -213046363?
213046356
In base 5, what is -10403 + 10034242?
10023334
In base 12, what is 179a80 - 320?
179760
In base 3, what is -20121122210012 - 1?
-20121122210020
In base 16, what is 10f50f3 + 4?
10f50f7
In base 4, what is 200 + 223332020222?
223332021022
In base 11, what is -20a145 - 2?
-20a147
In base 9, what is -13124 + 778?
-12235
In base 8, what is -304671 - -1024?
-303645
In base 12, what is -52b4 + -62b4?
-b5a8
In base 6, what is 4 + -2444105152?
-2444105144
In base 14, what is 86ba02 + 4?
86ba06
In base 7, what is -661236653 + -1?
-661236654
In base 5, what is -2 - 123224413434?
-123224413441
In base 3, what is -10 + -20012111000201121?
-20012111000201201
In base 8, what is -3432 + -1117414?
-1123046
In base 16, what is ed9ed - 0?
ed9ed
In base 7, what is 5 - -662431043?
662431051
In base 5, what is -422420443 - -423?
-422420020
In base 6, what is -111422 + -1001?
-112423
In base 4, what is 11131 - 1131323233?
-1131312102
In base 5, what is -4020001 - 12410?
-4032411
In base 4, what is 12300301 + 11201?
12312102
In base 13, what is c3b1b37 + -2?
c3b1b35
In base 2, what is 10110 - 1000111000101001001?
-1000111000100110011
In base 15, what is -5c469 - -a?
-5c45e
In base 11, what is 2803723 + -2?
2803721
In base 14, what is -9c9c9 - 20?
-9ca09
In base 8, what is 124215550 + -3?
124215545
In base 7, what is -1 - 26611430?
-26611431
In base 14, what is 298 - -6d40?
71d8
In base 13, what is -381 + -1a70a9?
-1a745a
In base 12, what is -137b4 + -208?
-13a00
In base 8, what is -32474102 + 7?
-32474073
In base 14, what is -c7c - 343b?
-42b9
In base 15, what is 1cd + -9a32?
-9854
In base 5, what is 11113332223 - -20?
11113332243
In base 10, what is 4 - -37807781?
37807785
In base 11, what is -91117 + 25?
-910a2
In base 11, what is -858 - -18119?
17371
In base 5, what is 2011 - 41320?
-34304
In base 12, what is -baa51 + -10?
-baa61
In base 15, what is 1 - -d238d4?
d238d5
In base 6, what is -20 - 513315512?
-513315532
In base 11, what is -46246 + -63?
-462a9
In base 8, what is 0 + 1444757655?
1444757655
In base 2, what is -1101101000011010100001010 - 10?
-1101101000011010100001100
In base 12, what is -57710 + 124?
-575a8
In base 8, what is -1071 + 21765?
20674
In base 2, what is -1011011100110100010101110 - 1000?
-1011011100110100010110110
In base 6, what is 10025254310 - -5?
10025254315
In base 13, what is -1966 - 2321?
-3c87
In base 14, what is -40004 + -a?
-40010
In base 3, what is -100110200010022 + -1?
-100110200010100
In base 11, what is -139819 - -815?
-139004
In base 7, what is 2045 - -1042256?
1044334
In base 2, what is 10001011001 + -110011100111111000?
-110011010110011111
In base 14, what is -3 + 40847d?
40847a
In base 5, what is 1100 - 2011443?
-2010343
In base 2, what is 1000100000010111001000101 + 11?
1000100000010111001001000
In base 12, what is -6b + -59216?
-59285
In base 16, what is -1b8bef56 - 1?
-1b8bef57
In base 8, what is 3160 + -37060?
-33700
In base 6, what is -4425412 - -22200?
-4403212
In base 11, what is -4 + 708295?
708291
In base 7, what is -121005 + -266?
-121304
In base 12, what is -231 + -16553?
-16784
In base 10, what is -25 - -242038?
242013
In base 11, what is 75191 + -452?
7483a
In base 10, what is 5681968 + 16?
5681984
In base 12, what is -159932a + -11b?
-1599449
In base 8, what is 1114751462 - 1?
1114751461
In base 14, what is -5 - b901c5?
-b901ca
In base 10, what is -1213 - 229?
-1442
In base 7, what is 26225653 + -2?
26225651
In base 2, what is -1000111001011010000 + 1001?
-1000111001011000111
In base 2, what is -11010011111011010 + -1100000?
-11010100000111010
In base 9, what is 4 + 6171831?
6171835
In base 2, what is 101010111 + -100000000010010011?
-11111111100111100
In base 16, what is -9 - 3e19c?
-3e1a5
In base 3, what is 10022011011012002 + 12?
10022011011012021
In base 4, what is -1232112 - -31203?
-1200303
In base 5, what is 0 + -2224410?
-2224410
In base 4, what is -3311031310 + -2?
-3311031312
In base 9, what is 27314445 - 37?
27314407
In base 4, what is 303020 + 111102?
1020122
In base 11, what is -30a25 + -2110?
-33035
In base 16, what is -4 - -809841?
80983d
In base 11, what is 4257 + 7332?
10589
In base 13, what is 10a - 26ba?
-25b0
In base 12, what is 7205 - 88?
7139
In base 14, what is 7647 - -1bc5?
942c
In base 12, what is -5161470 - 3?
-5161473
In base 6, what is 554540 + -1210?
553330
In base 5, what is 4111 - 420142?
-411031
In base 6, what is -1431533 - 1004?
-1432541
In base 10, what is -16 + -1715593?
-1715609
In base 8, what is 74677304 - -13?
74677317
In base 2, what is 111011010010010101100 - -1011000?
111011010010100000100
In base 13, what is -5 + 75586b?
755866
In base 15, what is 216 - 44d5?
-42be
In base 6, what is -12024232022 - -1?
-12024232021
In base 2, what is 101001 + 10100110110111000100?
10100110110111101101
In base 12, what is -7 + 6776228?
6776221
In base 8, what is 15025522 + 254?
15025776
In base 3, what is -1121012000 - 1222102122?
-10120121122
In base 3, what is -12 + 21010110121120?
21010110121101
In base 10, what is -723 - -4638?
3915
In base 12, what is -7baba - -5?
-7bab5
In base 4, what is 32 + -11203133?
-11203101
In base 3, what is -212 + 11011022000001?
11011021222012
In base 11, what is 3015a3 + 16?
301609
In base 2, what is -10001100000110001001110 - 100?
-10001100000110001010010
In base 4, what is 130202313012 + 2?
130202313020
In base 6, what is 550132404 + 0?
550132404
In base 13, what is -72 + 56c6c?
56bca
In base 3, what is 20202 + 201022001200?
201022022102
In base 14, what is -1029d + 1b44?
-c559
In base 9, what is 235054323 + 5?
235054328
In base 5, what is -1100 + -223242144?
-223243244
In base 4, what is 3213030 - 10?
3213020
In base 2, what is -11011 - 11111110001100100001?
-11111110001100111100
In base 11, what is 4a793201 + -2?
4a7931aa
In base 6, what is -11003 - 245300?
-300303
In base 12, what is -16479 - 1a2?
-1665b
In base 13, what is -1 - -51bcc2?
51bcc1
In base 6, what is -1301 - 1231050?
-1232351
In base 11, what is 17 - 164847?
-164830
In base 2, what is 1111011011011000 + 101000?
1111011100000000
In base 13, what is 43a36ba0 + 4?
43a36ba4
In base 10, what is -1999490 + -18?
-1999508
In base 15, what is 134e0 + 580?
13a70
In base 3, what is -22201122 + -1002012?
-100210211
In base 14, what is a - -2aa190?
2aa19a
In base 2, what is -1011011001001011 - 11100000?
-1011011100101011
In base 8, what is 5 - 232125502?
-232125475
In base 9, what is -17355 - 47600?
-66055
In base 13, what is 4 - -2b3350?
2b3354
In base 8, what is 2 + -10352633?
-10352631
In base 12, what is 808b21 - -1?
808b22
In base 4, what is -300 + 2133?
1233
In base 13, what is -48 + -c2739?
-c2784
In base 7, what is -6 - 112352300?
-112352306
In base 8, what is -10 - -311167?
311157
In base 6, what is 1112223 - -1542?
1114205
In base 12, what is -1 + -66b7a707?
-66b7a708
In base 3, what is 100100221 +